Let b(p) = -3*p**3 + 69*p**2 - 4*p - 225. Let c be b(20). What is the greatest common divisor of 5 and c?
5
Let v(d) = 10*d**3 + 3*d**2 + 3*d + 6. Let l be v(-3). Let u = 321 + l. What is the greatest common divisor of 15 and u?
15
Suppose -4*u + 3*j - j + 64 = 0, 0 = -4*j. Suppose 0 = 3*w - u + 7. Suppose 2*g + w*l = 40, -2*l = l. What is the greatest common factor of g and 80?
20
Suppose -3*h - 7*v + 5*v + 4247 = 0, -4219 = -3*h + 5*v. What is the highest common divisor of 45 and h?
9
Let d(p) = 4*p + 34. Let m be d(-6). Suppose m*y - 25 = -5. Let c be 1 - (2/(-1) + -3). Calculate the highest common factor of y and c.
2
Let z(m) = 2*m**3 - 15*m**2 + 13*m - 38. Let s be z(12). Suppose -224 - s = -14*u. What is the highest common divisor of 65 and u?
13
Let w(m) be the first derivative of -m**4/4 + 19*m**3/3 - 25*m**2/2 + 22*m - 173. Let b be w(17). What is the greatest common factor of 125 and b?
25
Let b = -10576 - -10756. What is the highest common divisor of b and 940?
20
Let c(d) = -d**2 + 4*d + 5. Let j be c(-4). Let r be 39*(-6)/j*6. Let m(n) = 12*n**2 + 55*n - 3. Let a be m(5). Calculate the highest common factor of a and r.
52
Let h be (-6)/(-12) - 19/(-2). Let c be h/6 - (-35750)/150. Calculate the greatest common divisor of 24 and c.
24
Let k(l) = 4*l**3 - 79*l**2 + 74*l - 87. Let a be k(20). Calculate the greatest common factor of a and 77.
11
Let d be (65 + (14 - -11))/((1 + -3)/(-2)). What is the highest common divisor of 15 and d?
15
Suppose -3*x = 6, -499 + 72 = -3*r + 2*x. Let j = -68 + r. Let n = j - 58. Calculate the highest common divisor of n and 30.
15
Suppose 2*d - 21066 = -2*r, -2*r - 371*d = -375*d - 21024. What is the highest common factor of 38 and r?
38
Let f be (-1 + 570/12)*16/6. Suppose -4*v - f = y - 799, 5*y + 657 = 4*v. Suppose 9*u + 5*u - v = 0. What is the greatest common factor of 8 and u?
4
Let q be (38/8)/1*(8 + -4). Let h(c) = -3 + 0*c - 23 - 4*c - q. Let l be h(-19). What is the greatest common factor of l and 31?
31
Let m(u) = u**3 + 10*u**2 - 150*u - 50. Let s be m(-18). Suppose d + 2*d = -3*l + 165, 0 = -4*d + l + 235. What is the greatest common divisor of s and d?
58
Suppose 0 = 4*t - 0*t - 200. Suppose 4*j - n + 13 = 0, 3*j - 2*n + 6 + 10 = 0. Let x be (-18)/j + (-3)/18*-6. Calculate the greatest common factor of x and t.
10
Let b = -1250 - -1457. What is the highest common divisor of b and 345?
69
Let i(n) = -26*n + 2781. Let q be i(41). Calculate the greatest common divisor of 5880 and q.
245
Let i be 7*872/84 + 4/3. Calculate the greatest common divisor of 21904 and i.
74
Let i(w) = -3*w**2 + 203*w - 304. Let j be i(65). What is the greatest common factor of j and 117?
9
Suppose -58*i = -7378 + 38234. Let h = i + 623. What is the highest common factor of 26 and h?
13
Let u(p) = 13*p**2 - 7*p + 396. Let k be u(12). Calculate the highest common divisor of k and 13.
13
Let f = 8047 - 8035. Calculate the greatest common factor of 4 and f.
4
Let i be (-2 - 4185/(-20)) + 1/(-4). Let j = 41 + -18. What is the greatest common factor of j and i?
23
Let t(q) = -q**3 + 11*q**2 + 12*q + 7. Suppose -m = -8 - 1. Suppose -100 = -m*x + 8. Let l be t(x). What is the greatest common factor of 1 and l?
1
Suppose -5*d = -3*f - 1650, -3*f - f - 330 = -d. Suppose 0 = 5*j, 5*j - d - 326 = -4*n. Calculate the highest common divisor of 287 and n.
41
Suppose 0 = 5*q - 4*k - 11594 - 2866, 0 = -5*q - 4*k + 14420. What is the highest common divisor of q and 114?
38
Suppose 0*r = -13*r - 0*r + 1352. What is the greatest common divisor of r and 4940?
52
Let x(y) = -16*y**3 + 4*y. Let i be x(2). Let z = i - -107. Let j(l) = -2*l - 17. Let b be j(z). What is the highest common divisor of b and 72?
9
Let j = 3203 - 2645. Calculate the greatest common factor of j and 72.
18
Suppose 33*v - 31*v + 565 = l, 0 = -2*l - 3*v + 1137. What is the highest common factor of 336 and l?
21
Let k(m) = -m**2 - 17*m + 7. Let w = 538 + -553. Let l be k(w). What is the highest common divisor of 111 and l?
37
Let v be (-142)/(-8) - (-6)/24. Let s = 499 + -500. Let k(l) = -6*l + 12. Let a be k(s). What is the highest common factor of v and a?
18
Let y(a) = -15 + 8*a**2 + 668*a**3 + 4*a + 9*a - 2 - 669*a**3. Let v be y(9). What is the greatest common divisor of 38 and v?
19
Let m(l) = 51*l - 3249. Let w be m(116). What is the highest common factor of 21 and w?
21
Let l be -20*1*(-18)/(-15). Let f = 25 + l. What is the highest common factor of 5 and f?
1
Let r = 33 + -28. Let x = 10 - r. Suppose i + 5 = -2*p + 30, -3*p = 3*i - 60. What is the highest common factor of x and i?
5
Suppose -30*p = -41*p + 44. Suppose 3*o - 5*a - 10 = 0, -p*a + 30 - 1 = 5*o. Calculate the highest common divisor of o and 535.
5
Let w(n) = -n**2 + 102*n - 1514. Let y be w(30). What is the greatest common factor of 95 and y?
19
Suppose 8564 = 248*z - 1108. Let i be (-547)/(-2) + (-1)/2. Calculate the greatest common factor of z and i.
39
Let f(b) = 52*b - 2196. Let d be f(102). Calculate the highest common divisor of 252 and d.
84
Let d(u) = -u**2 - 8*u - 3. Let a be d(-6). Let m(j) = 5*j - 16. Let r be m(10). Suppose -8*p + r + 86 = 0. Calculate the greatest common factor of p and a.
3
Suppose -35417 + 98453 = 6*x. Calculate the greatest common divisor of x and 102.
102
Let l = 126 - 90. Suppose -5*d + l = -174. What is the highest common factor of 18 and d?
6
Let t = 2739 + -2677. Calculate the highest common divisor of t and 806.
62
Let c be (826/5)/(242/605). What is the highest common factor of 301 and c?
7
Let b be (166/(-10) - 1)/(86/(-215)). Let h be (-11)/(b/(-8))*(-154)/(-4). Calculate the highest common factor of h and 55.
11
Suppose 27*s = 5048 + 2971. Suppose -1 = -k, 5*m - 3*m = -3*k + 57. Calculate the greatest common factor of m and s.
27
Let l = -13511 - -24368. What is the highest common factor of l and 693?
231
Let x be (3672/45)/((-20)/(-100)). What is the greatest common divisor of x and 696?
24
Suppose 0 = a - 3*l - 724, 3*l = -2*a + 1277 + 153. Let d = a + -636. Calculate the greatest common divisor of 41 and d.
41
Suppose 0 = -64*x + 183*x - 33915. Calculate the highest common factor of x and 741.
57
Let c = 1074 + 1854. Calculate the greatest common divisor of 915 and c.
183
Let g(r) = 2*r**2 - 8*r - 3. Let j be g(6). Suppose 17*z - j + 4 = 0. Let b be (-33)/(6 - 9) + z*-4. Calculate the greatest common factor of b and 21.
7
Let o(i) = -19 - 43*i**2 - i**3 - 5 - 84*i - 24 + 2. Let y be o(-41). What is the highest common divisor of 450 and y?
18
Let t be (-226)/((-48)/21 + 4/14). Suppose 772 = 5*p - t. Suppose 0*w - 2*w + 5*m + p = 0, -3*m = -2*w + 171. Calculate the highest common divisor of w and 9.
9
Let a be 992/96 - 5/15. Let v be 16/40 + 634/(-10). Let u = v + 103. What is the highest common factor of a and u?
10
Suppose 4*c = 2*x + 50, c - 10 + 0 = -2*x. Suppose r = 5*r - c. Suppose 25 = r*m + 2*m. What is the greatest common divisor of m and 65?
5
Suppose 2*r = 18, 23*t - 18*t = -5*r + 285. What is the greatest common factor of 60 and t?
12
Let o = 123 + -121. Suppose -3*t - o*r + 64 = 0, 5*t - 3*r - 70 - 62 = 0. Suppose 3*a - 5*a = -36. Calculate the highest common factor of a and t.
6
Let d = 4917 + -4726. Calculate the greatest common factor of d and 13179.
191
Suppose 325*h - 196 - 431 = 673. Calculate the greatest common factor of 3492 and h.
4
Let h be ((-900)/(-135))/(5/216). Calculate the highest common divisor of h and 42.
6
Suppose -o - 4*v + 3 = 0, -5*o - v + 0*v = 4. Let w = -51 - -65. Let z be -6*(w*1/(-4) - o). Calculate the greatest common divisor of z and 5.
5
Suppose -33735*q = -33747*q + 10512. Calculate the highest common divisor of 24 and q.
12
Suppose -45*l + 5788 - 3898 = 0. What is the greatest common factor of 14 and l?
14
Let d(o) = -33*o**2 + 1968*o - 62. Let u be d(57). What is the highest common divisor of u and 177?
59
Suppose 3*v - 2 = -5*l + 12, -20 = -3*l + 4*v. Suppose -5*q = -q - l*c - 216, 0 = -5*c. Calculate the highest common factor of 36 and q.
18
Let c be (0 - 60)*(-2)/5. Let f = 40375 - 40255. Calculate the greatest common divisor of c and f.
24
Let h(u) = -u**3 - 4*u + 7. Let p be h(-7). Let o be -1 + 1 - ((-32)/4 - -14)*-9. Calculate the greatest common factor of o and p.
54
Let h(x) = 10*x**2 - 1